 of g?
6673
Let u be 1 + -3 + 12*(-15)/20. Let f(a) = -a**3 - 11*a**2 + a + 12. Let k be f(u). List the prime factors of (-1043)/(-14) + k/2.
3, 5
Suppose 65*r - 690 = 75*r. Let q = 569 + r. List the prime factors of q.
2, 5
Let q(n) be the first derivative of -n**4/4 + 13*n**3/3 + 3*n**2/2 - 8*n - 57. Let r(i) = 2*i - 3. Let f be r(8). What are the prime factors of q(f)?
31
Let h(d) = -217*d**2 - 3*d - 4. Let f(q) = 216*q**2 + 4*q + 5. Let v(g) = 4*f(g) + 5*h(g). Let l be v(1). Let b = 329 + l. What are the prime factors of b?
109
What are the prime factors of (-11116)/(-6)*(-1530)/(-357)?
2, 5, 397
Suppose 26 - 26 = -3*n. Suppose 0 = -3*j + u + 1462, n = 2*j - 9*u + 11*u - 972. What are the prime factors of j?
487
Suppose -1999 - 224 = -19*v. List the prime factors of v/2 + (-15)/30.
2, 29
Suppose -5*a - 7*v = -2*v - 55, -v + 39 = 5*a. List the prime factors of (42/(-12))/a*-794.
397
Let y be 344/(-44) - (-2)/(-11). Let c(f) be the first derivative of -f**4/4 - 7*f**3/3 - f**2 - 3*f + 2. What are the prime factors of c(y)?
7, 11
Let q(n) = 17*n + 23. Let g be q(8). Suppose -3*b + 2*k + g = -2*k, 0 = 5*b + 4*k - 265. Suppose b*h = 51*h + 244. List the prime factors of h.
2, 61
Let w(t) = 3*t**3 - 37*t**2 + 3*t - 5. Let b be w(15). Suppose 5*k = -5*n + b, 0 = -10*n + 6*n + 3*k + 1465. List the prime factors of n.
367
Suppose -5*q - 16582 = -2*r, 5*r - 54*q = -58*q + 41356. List the prime factors of r.
2, 2069
Let f(v) = -v**3 + 9*v**2 + 6*v + 78. Let j = 270 - 260. List the prime factors of f(j).
2, 19
Let w(m) be the second derivative of m**5/20 - 11*m**4/6 + 7*m**3/6 + 13*m**2/2 + m. Suppose -q - 105 = -4*b - 15, 2*b - q = 46. List the prime factors of w(b).
167
Let q = -277 + 280. Suppose -5*y + 3551 = 3*o, 50*y - 48*y = -q*o + 3539. List the prime factors of o.
11, 107
Suppose 47201 + 145345 = 4*k - 5*o, 4*o + 48142 = k. List the prime factors of k.
2, 41, 587
Suppose 0*p = -5*p + 25, 3*b - p + 365 = 0. Let t be ((-72)/b)/((-6)/(-20)). List the prime factors of (1/1)/(t/32).
2
Let b(h) = 544*h + 1701. What are the prime factors of b(7)?
7, 787
Let a(i) = -56*i - 54. Let z be a(-9). Suppose -o - 4*m = -0*o - z, -4*o - 3*m = -1761. List the prime factors of o.
2, 3, 73
Suppose 3*t = 17 - 35. List the prime factors of t/(-45) + 18412/60.
307
Let x(b) = -53*b**3 - 10*b**2 - 155*b - 1408. What are the prime factors of x(-9)?
2, 7, 37, 73
Let k(g) = 7*g - 47. Let z be k(27). List the prime factors of (136*1)/(z/213).
2, 3, 17
Let j(z) = -z**2 - 5*z - 4. Let u be j(-2). Suppose 3*x + u = 14. Suppose -x*k + 0*t + 101 = t, 0 = 3*k - 4*t - 90. What are the prime factors of k?
2, 13
Suppose -2*o + 110 = -5*y, -3*y + 0*y + 144 = 3*o. What are the prime factors of o/(-20)*6090/(-25)?
3, 7, 29
Suppose 3222566 - 3211829 = -242*y + 6252401. What are the prime factors of y?
2, 13, 31
Let i(k) = -k**3 - 9*k**2 - 6*k + 22318. List the prime factors of i(0).
2, 11159
Let q(j) = 121*j - 29. Let o be q(4). Let h = -388 + o. What are the prime factors of h?
67
Let j(h) = 1469*h + 14. Let r be j(-5). Let m = -3978 - r. What are the prime factors of 4/26 - m/(-91)?
37
Let o(n) = n**3 - 5*n**2 + 3*n. Let h be o(4). List the prime factors of (23/h*-2)/(1/56).
2, 7, 23
Suppose b = 7*b - 240. Let v = b - 37. Suppose -3*k = v - 30. What are the prime factors of k?
3
List the prime factors of (-9)/24 + (-410*3)/((-112)/1547).
3, 7, 809
Let a = 3409 + 7998. What are the prime factors of a?
11, 17, 61
Suppose -j - 6 = -5*o, 4*j - 7 = -3*o + 15. Suppose 6*p - 8*p - 396 = 5*s, 0 = 2*s + j. Let k = 348 + p. List the prime factors of k.
5, 31
Let c = -49 + 24. Let s = c + 15. Let b = 34 + s. List the prime factors of b.
2, 3
Let k be -2 + 7 + 1 + -5. Let w be (-160 - 1) + 1 - k. Let j = w + 236. List the prime factors of j.
3, 5
Let t(v) = 8*v**3 - 2*v**2 + 2*v. Suppose 5*y - 7 = -3*q - 17, -y + 3*q = -16. Let w be t(y). Suppose -10*l + 306 = -w*l. List the prime factors of l.
3, 17
Suppose 3*y + 2*s = 416, 3*s + 685 = 5*y + 8*s. Let x(m) = 115*m + 494. Let o be x(-5). Let g = y + o. What are the prime factors of g?
61
Let u be (-186)/14 + (-10)/105*-3. Let j = 17 + u. Suppose j*a - 2*b + 0*b = 40, 4*b = 0. List the prime factors of a.
2, 5
Suppose -5*s + 351168 = -4*l, 9*s - 3*l - 351171 = 4*s. What are the prime factors of s?
2, 3, 1951
Suppose 10*q - 64 = 12*q + 4*i, 99 = -3*q - 3*i. Let w(m) = -m**3 - 4*m**2 + 4*m - 7. Let k be w(-5). Let b = k - q. List the prime factors of b.
2
Let g be 4994/(-12) - (-5)/30. Let i = g + 1781. What are the prime factors of i?
3, 5, 7, 13
Suppose -2*r - 3*b = 185, 3*r + 94 = 2*b - 151. Let a be (-1057)/(-7) - (-2 + 0 + 0). Let u = a + r. What are the prime factors of u?
2, 17
What are the prime factors of (4 - -293)/(-27) - (-1 + -35312)?
2, 19, 929
Let k = 31173 + -4478. List the prime factors of k.
5, 19, 281
Let d(u) = -7*u + 26. Let m(o) = 6*o - 26. Let t(k) = -5*d(k) - 6*m(k). Let h be t(-4). Suppose h*g + 232 = 34*g. List the prime factors of g.
2, 29
Let c(r) = r**3 - 20*r**2 - 21*r. Suppose 210 = 8*g + 42. Let z be c(g). Suppose n + 190 = 5*u - 156, -3*n + 12 = z. What are the prime factors of u?
2, 5, 7
Let o(m) = -m**3 + 7*m**2 - 10*m - 17. Let k be o(8). Let b = k + 639. What are the prime factors of b?
2, 239
Let f(y) = 6*y**2 + 142*y + 20. List the prime factors of f(-49).
2, 1867
Let q = 1082 + -1715. Let i = q - -1436. What are the prime factors of i?
11, 73
Let g(a) = -12*a**3 + 4*a**2 + 2*a. Suppose 3*u - 27 = -33. What are the prime factors of g(u)?
2, 3
Suppose -4*q + 4*u = 2*u - 4932, -5*q - 5*u = -6195. What are the prime factors of q?
5, 13, 19
Let m = -16533 - -29999. What are the prime factors of m?
2, 6733
Let l be (16/6)/(14/(-21)). Let t be (0 - -3) + 109 + l. Suppose -3*o - 24 + t = 0. What are the prime factors of o?
2, 7
Let q(z) = 131*z**2 + 60*z + 481. List the prime factors of q(-12).
5, 149
Let j(f) = 1661*f**2 + 2*f. Let l be j(-1). Suppose -6*i - 1083 = l. Let k = -295 - i. List the prime factors of k.
2, 3
Let w be (3 - 5)/(1 + 845/(-844)). Suppose w + 1568 = 4*h. What are the prime factors of h?
2, 11, 37
Let u = 83797 + 3103. List the prime factors of u.
2, 5, 11, 79
Let h(q) = q**3 - 26*q**2 - 25*q - 38. Let j be h(27). Suppose 8 = 18*x - j*x. Suppose -308 = -x*a + 312. What are the prime factors of a?
5, 31
Let o = 180 + -355. Let x = o - -298. List the prime factors of x.
3, 41
Let q(f) = -81*f + 69. Let x be q(-16). Let h = x - 788. What are the prime factors of h?
577
Suppose 7*z = -4*v + 2*z + 80327, 2*v + 5*z - 40151 = 0. List the prime factors of v.
2, 3, 31
Let v be ((-6)/9)/((-18)/297). Let n(r) = -2*r + 37. Let d be n(v). List the prime factors of 5/d*561 + (0 - 0).
11, 17
Suppose -m = -12*m - 15*m. Suppose m = 6*g - 3139 + 331. List the prime factors of g.
2, 3, 13
Suppose 0 = 5*l - 4*a - 180 - 133, -5*a = -5*l + 310. Let m = 129 - l. Suppose -s = 4*j - 117, 2*s = 2*j + m + 120. List the prime factors of s.
97
Let k(z) = 6*z**2 + 1 - z**2 + 3 - 3 + z + 1. Let t be -2*(2/(-4) - -2). List the prime factors of k(t).
2, 11
Let x(s) = 3*s - 11. Let i be x(7). Let r be i/(-7) + 1 + (-1326)/(-7). Suppose -2*c - 836 = -4*t - 82, -t + c = -r. What are the prime factors of t?
2, 47
Suppose -16*c + 23*c = -21*c + 1564920. List the prime factors of c.
2, 3, 5, 23
Let a be (-2)/(-6)*(-2 + 14). Suppose -298 = -r + 4*n, -6*r - 5*n = -a*r - 544. What are the prime factors of r?
2, 3, 47
Suppose -78*q = -77*q + 4*c - 7076, -3*q - 2*c = -21178. What are the prime factors of q?
2, 3, 7
Let b(m) = -m**2 + 19*m + 103. Let x be b(20). Suppose 3*c - 166 = -4*h, -5*c = 2*h - 189 - x. List the prime factors of c.
2, 3
Suppose 4*i = 4*b - 40, -3*b - 5*i + 0*i + 22 = 0. Let c = -2721 - -2768. Let z = c - b. List the prime factors of z.
2, 19
Let z(d) = d**2 + 25*d - 279. What are the prime factors of z(16)?
13, 29
Let y = -1193 + 2975. Let l = -1185 + y. What are the prime factors of l?
3, 199
Suppose -4*p = 5*i - 5900, -3*i = -5*i + 3*p + 2360. Suppose -6*q + 2138 = -i. List the prime factors of q.
7, 79
Let z = 2407 + -1639. Suppose -5*r = -y + 10, -32*r + 4 = -2*y - 34*r. Suppose y*d + z = 8*d. What are the prime factors of d?
2, 3
Suppose -10*c = -12*c + 4. Suppose -4*p = c*p - 5*p. What are the prime fact